(-12)/(-14))). Let f = c - 60. Is f a prime number?
False
Let t = -286 + 290. Suppose y - 5*h - 5308 = 0, -4*y = h - t*h - 21317. Is y a prime number?
True
Let j(h) = 6*h**2 - 2*h + 6. Let r(q) = -5*q + 64. Let b be r(15). Let l be j(b). Is 12/(-3) + l - 1 composite?
True
Let a(z) = -2*z**2 - 93*z - 19. Let p be a(-38). Suppose -8 = 4*b + 3*k - 2*k, 0 = 3*k. Is p + -1*(-6 - b) composite?
False
Let b(u) be the second derivative of -248*u**3/3 + 23*u**2/2 + 47*u. Is b(-6) prime?
True
Suppose -86084909 = -196*k - 175*k + 77073842. Is k prime?
True
Let p(i) = 2*i + 5*i**2 + 20*i**2 + 2*i - 137 - 24*i**2 + 2*i**3 + 18*i**2. Is p(14) a prime number?
False
Suppose 0 = 3*n + 3, -21232 = 4*m - 6*m - 4*n. Suppose 680*q = 682*q - m. Is q composite?
False
Suppose -10*c = 13*c - 239591. Let r = -4650 + c. Is r a prime number?
False
Let x(t) = 25*t**2 + 8*t - 9. Let g be x(1). Suppose 33*q = g*q + 44829. Is q composite?
True
Let k be ((-720)/(-14))/6 + (-4)/7. Suppose k*h + 72 = -80. Let d(r) = 21*r**2 + 51*r - 19. Is d(h) composite?
True
Suppose 0 = 3*x + 4*i - 80, 0 = -2*x - 2*i - 2*i + 60. Suppose 3*a - 15 = 6*a, 0 = 4*l + 4*a + x. Suppose l = -3*k + 2*p + p + 594, 25 = 5*p. Is k composite?
True
Suppose 2*r - 7450 = 5*y + 11586, 19084 = 2*r + 3*y. Is r prime?
True
Let b = 179 + 134. Let n = b + -633. Let k = 475 + n. Is k a prime number?
False
Let g(t) = 65*t - 17. Let j(r) = -65*r + 17. Let y(m) = -5*g(m) - 4*j(m). Let i = 30 - 36. Is y(i) composite?
True
Let s(p) = -77178*p + 1903. Is s(-5) a composite number?
True
Let y = -380 - -382. Suppose 2*o - 45222 = y*n, -12*o + 113063 = -7*o - n. Is o a prime number?
True
Is ((-39)/(-12) + -3)/((-105)/(-57833580)) a composite number?
False
Suppose 0 = -p + 16*p - 2*p. Suppose p = -3*b + 7*b, 0 = 2*v + 2*b - 998. Is v a prime number?
True
Let g(z) = 2718*z**2 + 27*z - 296. Is g(9) a composite number?
True
Is 157*(26 + -48 - -221) prime?
False
Is (-1 + -3)/((-48)/4810836) a prime number?
True
Suppose 4*r - 15 = -z + 4*z, 0 = -r - 3*z - 15. Suppose -4*i = 2*k - 4998, 3*i + 0*k + k - 3748 = r. Is i composite?
False
Suppose -2*t - 10*b = -5*b + 16, 3*b + 8 = -2*t. Is 10 + -9 + t + 34996 a prime number?
False
Let z be 260 + (-7)/(14/(-6)). Let x = z + -205. Is x a composite number?
True
Let d(s) = -45*s**2 + 3*s - 1. Let y be d(-2). Let a = 580 + y. Suppose 3*v - a = 2*v. Is v composite?
True
Suppose 13*d + 606939 = 1838390. Is d prime?
True
Let u = -361574 + 588843. Is u composite?
True
Let h(t) = 6*t + 114*t + 53*t + 5*t**2 + 61 + 68*t. Is h(-49) a prime number?
True
Let h = -34 + 43. Let p(j) = h - 8 + 22*j + 2*j - 8. Is p(8) a composite number?
True
Let z = -707 + 1353. Suppose 2*l - 14 + 21 = 3*x, 0 = -5*x - 4*l + 19. Suppose -5*d - x*o - 143 + 1810 = 0, 2*d - 4*o - z = 0. Is d prime?
True
Let g = 807841 + -76104. Is g prime?
True
Suppose 81*i = 79*i + 12. Suppose 4*g = 360 + 1736. Is g - (-9)/i*8/(-4) a prime number?
True
Let a(i) = i**3 - 60*i**2 + 66*i - 301. Is a(60) composite?
False
Suppose s = 1429*g - 1432*g + 160927, 321878 = 2*s + 3*g. Is s a prime number?
False
Let g(r) = 31632*r + 182. Is g(1) a composite number?
True
Let u(r) = r**3 + 21*r**2 - 23*r - 13. Let g be u(-22). Is ((-33981)/g)/(1/(-3)) a prime number?
False
Let t(r) = 2234*r - 3921. Is t(5) a composite number?
True
Let q(x) = 218*x**3 - 41*x**2 - 3*x + 109. Is q(9) a composite number?
True
Let d(g) = -1 + 4*g - 16 + 0. Let z be d(5). Suppose 2*b + 1661 = z*n, 6*b = 5*n + b - 2760. Is n a prime number?
True
Let p be 2/(-6) - (-6373)/3. Suppose -p = -a + 2002. Is a prime?
False
Let w be (195 - 6)/(5 + -4). Let t = 4133 + w. Is t a composite number?
True
Let j be -1 - (-4 - 3/3). Let i(w) = 3*w**2 - w + 2. Let v(x) = -3*x - 15. Let z(n) = 4*i(n) + v(n). Is z(j) a prime number?
True
Let f(w) = 224*w**2 - 8*w - 9. Let n be (15 - 10)*(-3)/15. Is f(n) a composite number?
False
Let u = 1927 - 420. Let x = u - 1069. Let t = 2339 + x. Is t a composite number?
False
Let f(g) = 302*g + 16155. Is f(196) composite?
False
Let v = 62 + -62. Suppose v = -2*c + 2*y - 7*y + 2461, 4*c - 4933 = y. Suppose -4*t = -3*b + c, -5*b + 2*t + 2078 = 3*t. Is b composite?
True
Let j = 501339 - -49502. Is j prime?
True
Suppose -3*o = -11 + 11. Suppose o = -2*t - 4*q - 18, -2*t + 4*q - 6 = -20. Is (5 + 281)/(t + 3) a prime number?
False
Suppose -3*k + 2*t + 3334 + 102589 = 0, k - 3*t - 35296 = 0. Is k a prime number?
True
Is 191394 + (-2 - 315/(-15)) a composite number?
False
Suppose t = -5*r - 16, -2*t + 4*r + 20 = -t. Suppose 2*c + 4580 = 2*o + 7*c, -9142 = -t*o - c. Is o prime?
False
Let y(s) = 362*s**2 - 13*s + 18. Let a be y(-10). Suppose 7*k = a + 58313. Is k prime?
True
Suppose -10*h + 22*k + 1269110 = 26*k, 2*h + 4*k = 253806. Is h composite?
False
Let p(i) be the first derivative of -i**6/24 - i**5/20 - i**4/24 + i**3/3 - 5*i**2 - 5. Let k(g) be the second derivative of p(g). Is k(-7) prime?
False
Suppose -p - 3*n + 19 = -458, -5*n - 20 = 0. Let f be ((-2)/(-5))/((-13)/(-130)). Suppose -5*i = -f*i - 5*y - p, 2*i = y + 960. Is i a composite number?
False
Suppose -10*m - 66 = -26. Is 1/((-1)/m) + (57 - -5374) composite?
True
Suppose k = -3*w + 300 - 1, 5*w + 576 = 2*k. Let s(n) = -n**2 + 2*n + 17. Let j be s(5). Suppose -k = -j*q + q. Is q a prime number?
True
Suppose 65*p = 61*p - 48432. Is (p/10)/(11/(220/(-8))) a prime number?
False
Suppose 27*k - 2247162 - 133515 = 2222310. Is k composite?
True
Let a(x) = 1280*x**3 + 2*x**2 - x - 1. Let d be a(2). Suppose 0 = -17*z + 16394 + d. Is z a prime number?
True
Suppose 5*a - 33*y = -29*y + 1992545, -3*y = 0. Is a prime?
True
Suppose 10*h = -45 + 165. Suppose 4*r = h*r - 100760. Suppose -13*p + 18*p - r = 0. Is p prime?
False
Suppose 34*r - 572511 = -19*r + 50*r. Is r prime?
True
Is (3/(-3))/(22/(-2942104)*4) composite?
True
Let o be ((-2)/7)/(19/(-266)) + 2. Is 8013/2*4/o prime?
True
Let z be (-740535)/10*(-4)/18*3. Let b = z + -31082. Is b a prime number?
True
Let j = 3714 + -2143. Let v = 9606 - j. Is v composite?
True
Suppose 0*p - 14*p + 207650 = 36*p. Is p a composite number?
False
Let w(c) = 4046*c**2 + 16*c - 4. Let y be w(6). Let k be y/52 - (0 + (-4)/26). Suppose k = 9*o - 10706. Is o a composite number?
True
Suppose -11 = 2*i - 5*p, -i = -0*i + p - 5. Is -3 + 74559/4 + i/8 prime?
True
Suppose -3*y = -6*y + 2673. Let b = -151 + y. Suppose 1552 = 4*t - b. Is t a prime number?
False
Suppose -303 = -37*a + 38*a. Let b = a - -1562. Is b a composite number?
False
Suppose -24*n + 27*n = 21. Suppose n*q - 1931 = 1338. Is q a composite number?
False
Let v(s) = -39*s**3 + s**2 - 9*s - 7. Suppose -b + 12*b = -44. Let r be v(b). Let c = -1454 + r. Is c a prime number?
True
Let m = -11 - -14. Let r be (-1)/(-3) - (-308)/(-6). Is 1057/m - 34/r a composite number?
False
Let j(s) = 20*s**2 - 2*s - 2. Let p be j(2). Let d be -42 + 47 - (3*100)/(-3). Let c = d + p. Is c a prime number?
True
Let o(g) = -g + 4. Let l be o(5). Let x be (8/6 + l)*-18. Let n(y) = -4*y**3 + 9*y**2 + 11*y + 15. Is n(x) prime?
False
Let x(o) = -21*o - 20. Let n be ((3/(-1))/(-1))/((-3)/(-2)). Let k(f) = -6*f + 1. Let r be k(n). Is x(r) prime?
True
Let r be ((-49)/14)/(2/8). Is (-543478)/(-130) - (r/10 - -1) a composite number?
True
Let f be (-3)/4 - 8/(-96)*57. Suppose 3*b = z - 12364, f*b - 12358 = -z + b. Is z a prime number?
False
Suppose -5*v + 37 = 2. Let c(n) = -10 + 6*n**3 + 4*n**2 - 17 + v*n - 2*n**3. Is c(8) prime?
True
Let v = 2111 + 562. Let s = v - 912. Suppose 0 = 5*d - 8*d + s. Is d composite?
False
Let c(v) = -v**2 - 8*v - 12. Let k be c(-5). Suppose 5*j - k*j = 10. Suppose 0 = -5*p - 2*z - 3*z + 8220, 0 = -j*p + 2*z + 8255. Is p a prime number?
False
Let t(o) = 3*o**2 - 22*o - 14. Let f be t(25). Suppose 5*n - 2*n = f. Is n prime?
False
Suppose 27*d = -82*d + 2817212 + 1739969. Is d a prime number?
True
Suppose -10*q - 279 - 1 = 0. Let z(r) = -367*r + 151. Is z(q) a composite number?
False
Let g = 18307 - -37380. Is g a composite number?
True
Let l be (141/(-376))/(2/(-16)). Suppose -4*j + 844 = 26*z - 22*z, 2*z - 422 = -l*j. Is z a prime number?
True
Suppose -13003856 - 4512439 = -45*z. Is z composite?
True
Suppose 4*r - o - 12 = -0*r, 3*r - 5*o = -8. Suppose 0 = -2*j + h + 14, 2*h - 3*h = r*j - 22. Let c(p) = 14*p**2 - p + 3. I